{"id":39,"date":"2025-07-08T13:43:59","date_gmt":"2025-07-08T13:43:59","guid":{"rendered":"https:\/\/innenausbau-norbert-hiller.de\/?page_id=39"},"modified":"2025-07-15T16:58:37","modified_gmt":"2025-07-15T16:58:37","slug":"impressum","status":"publish","type":"page","link":"https:\/\/innenausbau-norbert-hiller.de\/?page_id=39","title":{"rendered":"Impressum"},"content":{"rendered":"\n<p>I N N E N A U S B A U <br>Norbert Hiller GmbH<br>Eggeroder Stra\u00dfe 7<br><br>48624 Sch\u00f6ppingen<br><br>Telefon: 02555 580<br>eMail: kontakt@innenausbau-norbert-hiller.de<br><br>Registergericht: Ahaus HRB 1761<br>Gesch\u00e4ftsf\u00fchrer: Stefan Hiller<br><\/p>\n\n\n\n<p><\/p>\n","protected":false},"excerpt":{"rendered":"<p>I N N E N A U S B A U Norbert Hiller GmbHEggeroder Stra\u00dfe 7 48624 Sch\u00f6ppingen Telefon: 02555 580eMail: kontakt@innenausbau-norbert-hiller.de Registergericht: Ahaus HRB 1761Gesch\u00e4ftsf\u00fchrer: Stefan Hiller<\/p>\n","protected":false},"author":1,"featured_media":0,"parent":56,"menu_order":1,"comment_status":"closed","ping_status":"closed","template":"","meta":{"footnotes":""},"class_list":["post-39","page","type-page","status-publish","hentry"],"_links":{"self":[{"href":"https:\/\/innenausbau-norbert-hiller.de\/index.php?rest_route=\/wp\/v2\/pages\/39","targetHints":{"allow":["GET"]}}],"collection":[{"href":"https:\/\/innenausbau-norbert-hiller.de\/index.php?rest_route=\/wp\/v2\/pages"}],"about":[{"href":"https:\/\/innenausbau-norbert-hiller.de\/index.php?rest_route=\/wp\/v2\/types\/page"}],"author":[{"embeddable":true,"href":"https:\/\/innenausbau-norbert-hiller.de\/index.php?rest_route=\/wp\/v2\/users\/1"}],"replies":[{"embeddable":true,"href":"https:\/\/innenausbau-norbert-hiller.de\/index.php?rest_route=%2Fwp%2Fv2%2Fcomments&post=39"}],"version-history":[{"count":7,"href":"https:\/\/innenausbau-norbert-hiller.de\/index.php?rest_route=\/wp\/v2\/pages\/39\/revisions"}],"predecessor-version":[{"id":73,"href":"https:\/\/innenausbau-norbert-hiller.de\/index.php?rest_route=\/wp\/v2\/pages\/39\/revisions\/73"}],"up":[{"embeddable":true,"href":"https:\/\/innenausbau-norbert-hiller.de\/index.php?rest_route=\/wp\/v2\/pages\/56"}],"wp:attachment":[{"href":"https:\/\/innenausbau-norbert-hiller.de\/index.php?rest_route=%2Fwp%2Fv2%2Fmedia&parent=39"}],"curies":[{"name":"wp","href":"https:\/\/api.w.org\/{rel}","templated":true}]}}